535 = -2*n - 5*y. What are the prime factors of n?
5, 53
Let x = -31 + 28. What are the prime factors of (x + -357)/(-5) + -3?
3, 23
Let m be (-4)/22 - (-7524)/121. Let t = m + -12. List the prime factors of t.
2, 5
Suppose 12 = -26*p + 30*p. Suppose -3*f - 4*o - 774 = 0, -o = f - 6*f - 1290. List the prime factors of ((-4)/8)/(p/f).
43
Let z = -1158 + 2143. What are the prime factors of z?
5, 197
Let n(o) = 2*o**2 + 8*o - 10. Let a = -126 - -136. List the prime factors of n(a).
2, 3, 5
What are the prime factors of (-5390)/(-28)*(-12)/(-15)?
2, 7, 11
Let t(g) = -g**2 - 3*g + 3. Let o be t(-3). Suppose -10 - 2 = -3*z. Let d = z + o. List the prime factors of d.
7
Let a(j) = -7*j + 293. Let v(m) = 13*m - 584. Let x(r) = 9*a(r) + 4*v(r). What are the prime factors of x(0)?
7, 43
Let j be 234/(-12)*8/(-6). Let z be 7/2 + 1/2. What are the prime factors of -1 + j + 8/z?
3
Let n = 797 - 426. List the prime factors of n.
7, 53
Let w(z) = -z**3 - 4*z**2 - 2*z + 1. Let p be w(-4). Let f be (-30)/p + (-2)/3. What are the prime factors of 68*f/(-11 - -3)?
2, 17
Suppose 5*c - 180 - 125 = -5*n, 4*n = -5*c + 241. Suppose 0 = -3*g - n - 2. Let m = 44 + g. List the prime factors of m.
2, 11
Let g(k) = -12*k**3 - k**2 + 7*k + 13. What are the prime factors of g(-3)?
307
Suppose 4*c - 7708 = 4*j, -14*c + 10*c = 5*j - 7735. What are the prime factors of c?
2, 5, 193
Let m = -450 + 456. Let d(u) = 10*u + 13. Let r(y) = -19*y - 26. Let n(j) = -11*d(j) - 6*r(j). List the prime factors of n(m).
37
Let b(d) = 2*d**3 + 2*d - 55. Let z be b(0). Let k = z - -92. What are the prime factors of k?
37
Let j = -107 - 43. Let h = -81 - j. List the prime factors of h.
3, 23
Let o(i) = -2*i**2 - 7 + i**2 - 25*i + 44*i + 1. What are the prime factors of o(14)?
2
Suppose -81 + 9 = -2*j. List the prime factors of j - (-2 - 3/(-1)).
5, 7
Suppose 212 = 2*s + 4*u - 2*u, u + 334 = 3*s. What are the prime factors of s?
2, 5, 11
Let c = -957 - -969. List the prime factors of c.
2, 3
Let c = 26 + -14. Suppose -g + 0 = -c. Let s = 11 + g. What are the prime factors of s?
23
Suppose 0 = 3*y - l - 3998, -3*l = y - 2*y + 1330. List the prime factors of y.
31, 43
Let o(c) = 7*c**2 - 9*c + 50. What are the prime factors of o(9)?
2, 67
Let v(r) = 4*r**2 + 4*r + 5. Let s be (64/(-20) - -4)*(-1 + 6). What are the prime factors of v(s)?
5, 17
Let j = -20 + 20. Suppose u + u - 6 = j. Let l(d) = 11*d + 2. What are the prime factors of l(u)?
5, 7
Suppose -3*r + 168 = -96. Let v = -3 + 8. Suppose 0 = x - v*x + r. What are the prime factors of x?
2, 11
Suppose 0 = 4*d + 267 + 97. Let y = -63 - d. Suppose -3*h + y = -h. List the prime factors of h.
2, 7
What are the prime factors of (3856/20*-1)/(5/(-25))?
2, 241
Let d(h) be the second derivative of h**4/12 + h**3/2 + 19*h**2/2 + 10*h. What are the prime factors of d(-7)?
47
Suppose 5*b + 17 = -4*i, -5*b - 15 = 5*i - 0*b. Suppose 0 = 5*k + i*p - 95, k + p = 10 + 6. List the prime factors of k.
3, 7
Let q be 12/(-21) - 25/(-7). Suppose 2*b - 2*l + 222 = 7*b, -q*l = -b + 41. List the prime factors of b.
2, 11
Let m = 2249 - 87. What are the prime factors of m?
2, 23, 47
Let u(h) = h**2 + 6*h - 21. Let l(b) = -b**3 + 5*b**2 - b - 9. Let d be l(5). Let v = d - -4. What are the prime factors of u(v)?
19
Let f be ((-2)/5)/(2/20). Let b = 7 + f. What are the prime factors of 80/6 - b/9?
13
Let q(f) = -f**3 + f**2 + f + 9. Let g be q(0). Let h = 48 - g. What are the prime factors of h?
3, 13
Let p be (-38)/4 - 2/4. Let y = -35 - -15. What are the prime factors of (16/p)/(8/y)?
2
Let v(c) = 33 + 0 - 6*c - 11 + 0*c. What are the prime factors of v(-9)?
2, 19
Let l(b) = 768*b - 287. List the prime factors of l(5).
11, 17, 19
Suppose -2234 = -3*m - 2*h, -3*h + 205 = 5*m - 3520. List the prime factors of m.
2, 11, 17
Let f = -1234 + 2366. What are the prime factors of f?
2, 283
Suppose -4*p - 5*i - 1315 = -12052, 2*i = -6. What are the prime factors of p?
2, 3, 7
Let q be (-2)/(-4) + -1*169/(-2). What are the prime factors of (-15*5)/(-1)*102/q?
2, 3, 5
Let l(a) = -7*a**3 + 2*a**2 - 4*a - 3. Suppose g - 4*g = 9. Let d be l(g). Suppose 0 = -13*q + 9*q + d. What are the prime factors of q?
2, 3
Suppose 0 = a - 3*n - 5161, -15483 = -3*a + 9*n - 14*n. List the prime factors of a.
13, 397
Suppose -7*b + 2*b - 10 = 0. Let w be -1 + 4 + (b - -1). What are the prime factors of w/(-11) - 90/(-11)?
2
Let j(t) = t**3 + 9*t**2 - 6*t - 5. Let d = 32 - 40. Let y be j(d). Let s = -64 + y. List the prime factors of s.
43
Let m be 3/(5/((-25)/(-3))). Suppose 5*b - 16 = 4*q, m*b + 4*q + q = -20. What are the prime factors of -2 - (3 - 55) - b?
2, 5
Let b(u) = 3*u + 7. Let c be b(1). Suppose c = -5*d, 1005 + 546 = 5*p + 2*d. List the prime factors of p.
311
Suppose 4*n - 8 = 0, -4*n + 456 = c - 152. What are the prime factors of c?
2, 3, 5
Let l(s) = -2*s**2 + 13*s - 4. Suppose -4*m + 30 = m. Let g be l(m). List the prime factors of (-1)/(g + 249/(-123)).
41
Let c(l) = l**3 - 61*l**2 - 27*l. List the prime factors of c(62).
2, 5, 7, 31
Let i(f) = -f**2 + 5*f + 2. Let t be i(4). Let n(v) = v**2 - v. Let k be n(1). Let c = t + k. List the prime factors of c.
2, 3
Let b(i) = i**3 + 13*i**2 + 5*i + 6. Suppose -4*g - 5*x - 48 = 0, -x = -0*g + 5*g + 60. List the prime factors of b(g).
2, 3, 5
Let k(m) be the third derivative of 19*m**4/24 - m**3/3 - 32*m**2. What are the prime factors of k(3)?
5, 11
What are the prime factors of (-8 - (-67)/8) + 2917/8?
5, 73
Let a(j) = j**2 - 7*j + 9. Suppose -30 = z - 6*z. Let k be a(z). Suppose -2*y + 2*l = 4*l - 40, k*l = 4*y - 66. List the prime factors of y.
2, 3
Let r be (-5)/((-35)/(-2))*-7. What are the prime factors of (-386)/(-3) + -4 + r/6?
5
Let l(x) = 11*x. Let q = -8 + 4. Let r be l(q). Let m = -25 - r. List the prime factors of m.
19
Suppose -3*u - 3*m + 1287 = 0, -5*u + 1313 = -5*m - 782. Suppose 0 = 6*g - 278 - u. List the prime factors of g.
3, 13
Suppose -p + k = 2*k - 4, 0 = -4*p + k + 21. Suppose 0*u + 564 = 3*u + g, p*g - 741 = -4*u. What are the prime factors of u?
3, 7
Suppose 0 = -41*x + 36*x. Suppose -56*a + 53*a + 627 = x. List the prime factors of a.
11, 19
Suppose 4*l - 2*h = 1558, -3*l = -3*h - 403 - 767. List the prime factors of l.
389
Let y = 295 + -185. Suppose y + 166 = 6*i. List the prime factors of i.
2, 23
Let y(l) be the third derivative of l**6/120 + 3*l**5/20 + l**4/6 - 3*l**3/2 + 22*l**2. List the prime factors of y(-6).
3, 5
Let m = -487 + 710. What are the prime factors of m?
223
Let p(t) = -t - 3 - 3*t**2 - 3*t + t - 3*t**3 + 0*t. Let h be p(-3). Suppose -h = -6*i + 3*i. What are the prime factors of i?
2, 5
What are the prime factors of (-682)/(11/44*-2)?
2, 11, 31
Let k(n) = n - 1599. Let p be k(0). Let t be 2/2*1 - (-3 - -2). What are the prime factors of (-1)/t + p/(-26)?
61
What are the prime factors of (5106/5)/3 - (-144)/(-360)?
2, 5, 17
Suppose 0 = 6*m - 29121 + 10887. What are the prime factors of m?
3, 1013
What are the prime factors of 1*(-1 + -2)*-45?
3, 5
Let f(g) = -g - 218*g**2 + 115*g**2 + 130*g**2. Suppose -5*t = 5 - 0. What are the prime factors of f(t)?
2, 7
What are the prime factors of ((-23)/((-345)/(-20)))/((-4)/17298)?
2, 3, 31
Let p(u) = -u**3 - 22 + 2*u**3 - 12*u + 4 + 12*u**2 + 2*u. What are the prime factors of p(-12)?
2, 3, 17
Suppose 0 = 2*l - 1012 - 3526. List the prime factors of l.
2269
Suppose -3*i - 1944 = -6*i. List the prime factors of i.
2, 3
Suppose -10 = -2*j + 4*j, -l - j = 8. Suppose -4*i = -c + 93, 0 = -6*c + c + 5. Let u = l - i. What are the prime factors of u?
2, 5
Suppose -5*c + 3*r = -r - 1074, 5*r = -2*c + 423. Suppose 4*q = 2*q + c. Suppose v = 4*u + 16, 5*v + 2*u + 5 - q = 0. List the prime factors of v.
2, 5
Suppose -46520 = -24*u + 4*u. What are the prime factors of u?
2, 1163
Let o be ((-16)/(-40))/(1 - 18/20). Suppose o*y - 354 = -2*y. List the prime factors of y.
59
What are the prime factors of (-1124)/(-17) + 126/(-1071)?
2, 3, 11
Let f(y) = -57*y + 743. List the prime factors of f(12).
59
Suppose 1520 + 394 = 6*r. What are the prime factors of r?
11, 29
List the prime factors of ((-198)/55)/(2/(-410)).
2, 3, 41
Let n(k) = 66*k + 448. List the prime factors of n(32).
2, 5
Let s(d) = 4*d**3 - 2*d**2 - 28*d + 3. What are the prime factors of s(6)?
3, 